isor of 11061 and 9.
9
Calculate the greatest common factor of 182 and 273.
91
What is the highest common factor of 240 and 21?
3
What is the greatest common divisor of 352 and 1024?
32
What is the highest common factor of 341 and 527?
31
What is the highest common factor of 250 and 1300?
50
Calculate the greatest common factor of 9592 and 11.
11
What is the greatest common divisor of 799 and 282?
47
What is the highest common divisor of 1008 and 630?
126
Calculate the greatest common divisor of 968 and 72.
8
Calculate the highest common factor of 119 and 63.
7
What is the highest common factor of 23 and 9?
1
Calculate the greatest common factor of 84 and 20811.
21
What is the highest common factor of 182 and 52?
26
What is the highest common divisor of 150 and 2520?
30
What is the greatest common factor of 330 and 2838?
66
What is the highest common factor of 2814 and 6?
6
What is the greatest common factor of 144 and 2112?
48
What is the greatest common factor of 1420 and 20?
20
Calculate the highest common divisor of 342 and 1938.
114
What is the highest common divisor of 2492 and 112?
28
What is the highest common divisor of 392 and 32?
8
What is the highest common factor of 242 and 132?
22
What is the highest common divisor of 133 and 703?
19
What is the highest common divisor of 12 and 414?
6
Calculate the greatest common divisor of 150 and 12.
6
What is the greatest common factor of 795 and 3?
3
What is the greatest common factor of 531 and 118?
59
Calculate the highest common divisor of 2673 and 33.
33
Calculate the greatest common divisor of 13 and 13.
13
What is the greatest common divisor of 32 and 144?
16
Calculate the greatest common factor of 5 and 21600.
5
Calculate the highest common factor of 14 and 14.
14
What is the greatest common factor of 295 and 2183?
59
Calculate the greatest common factor of 6 and 246.
6
What is the greatest common divisor of 177 and 2301?
177
What is the highest common factor of 2128 and 336?
112
What is the greatest common factor of 5 and 9?
1
Calculate the highest common factor of 46 and 14.
2
Calculate the highest common divisor of 24 and 744.
24
Calculate the greatest common divisor of 12390 and 1470.
210
Calculate the highest common divisor of 140 and 1876.
28
What is the highest common divisor of 2198 and 133?
7
What is the greatest common divisor of 683 and 3?
1
What is the highest common divisor of 111 and 2923?
37
What is the greatest common factor of 968 and 8?
8
Calculate the greatest common divisor of 391 and 23.
23
Calculate the highest common divisor of 28 and 11795.
7
What is the highest common factor of 80 and 40?
40
Calculate the greatest common divisor of 20 and 45.
5
What is the greatest common divisor of 25 and 650?
25
What is the highest common divisor of 25 and 655?
5
What is the greatest common divisor of 370 and 666?
74
Calculate the greatest common divisor of 437 and 19.
19
What is the greatest common divisor of 4060 and 140?
140
Calculate the highest common divisor of 105 and 15.
15
Calculate the highest common factor of 325 and 26.
13
What is the highest common divisor of 36 and 480?
12
Calculate the highest common divisor of 6 and 906.
6
What is the highest common divisor of 1104 and 84?
12
What is the highest common divisor of 204 and 5049?
51
Calculate the greatest common factor of 528 and 72.
24
What is the highest common divisor of 1203 and 33283?
401
Calculate the greatest common factor of 2 and 54.
2
What is the highest common factor of 37238 and 86?
86
Calculate the highest common divisor of 10186 and 44.
22
What is the greatest common divisor of 11523 and 69?
69
Calculate the highest common factor of 18 and 102.
6
What is the greatest common divisor of 80 and 840?
40
Calculate the greatest common divisor of 406 and 261.
29
Calculate the greatest common factor of 2560 and 40.
40
What is the greatest common divisor of 228 and 32?
4
What is the greatest common divisor of 1155 and 45?
15
Calculate the highest common factor of 1769 and 610.
61
What is the greatest common divisor of 146 and 1387?
73
What is the highest common factor of 32639 and 127?
127
What is the greatest common divisor of 18 and 8?
2
What is the greatest common divisor of 64 and 19?
1
What is the highest common divisor of 4 and 8?
4
Calculate the greatest common divisor of 8772 and 1428.
204
Calculate the highest common factor of 42166 and 58.
58
Calculate the greatest common divisor of 7 and 133.
7
What is the highest common factor of 154 and 15785?
77
What is the highest common factor of 2814 and 126?
42
Calculate the highest common factor of 1581 and 186.
93
What is the greatest common divisor of 3500 and 450?
50
Calculate the highest common divisor of 665 and 190.
95
Calculate the greatest common divisor of 10 and 20480.
10
What is the greatest common divisor of 869 and 158?
79
Calculate the highest common factor of 14 and 17486.
14
What is the greatest common divisor of 1776 and 111?
111
Calculate the highest common factor of 13 and 6539.
13
Calculate the highest common factor of 29 and 31494.
29
What is the highest common divisor of 2825 and 1469?
113
What is the greatest common divisor of 220 and 20?
20
Calculate the greatest common factor of 1584 and 1782.
198
Calculate the highest common divisor of 24 and 272.
8
What is the highest common divisor of 310 and 2690?
10
What is the greatest common factor of 107 and 6527?
107
Calculate the greatest common factor of 93 and 403.
31
What is the greatest common factor of 40 and 250?
10
What is the greatest common divisor of 771 and 6?
3
Calculate the highest common divisor of 15510 and 987.
141
What is the greatest common factor of 26 and 936?
26
Calculate the highest common divisor of 351 and 13.
13
What is the highest common factor of 90 and 2880?
90
Calculate the highest common factor of 14725 and 310.
155
What is the highest common factor of 1127 and 506?
23
Calculate the greatest common factor of 815 and 40.
5
What is the highest common divisor of 812 and 56?
28
What is the greatest common factor of 4 and 928?
4
Calculate the greatest common factor of 376 and 120.
8
Calculate the highest common divisor of 66 and 96.
6
Calculate the greatest common divisor of 16337 and 34.
17
What is the greatest common divisor of 477 and 106?
53
Calculate the highest common divisor of 196 and 7196.
28
What is the highest common divisor of 7897 and 447?
149
What is the greatest common factor of 35 and 560?
35
Calculate the greatest common factor of 675 and 2205.
45
Calculate the highest common divisor of 174 and 1479.
87
What is the greatest common factor of 34881 and 231?
231
What is the greatest common factor of 464 and 2668?
116
Calculate the greatest common divisor of 52 and 4316.
52
What is the greatest common divisor of 126 and 51?
3
Calculate the highest common divisor of 145 and 5.
5
Calculate the highest common factor of 24 and 3414.
6
What is the greatest common factor of 20 and 10700?
20
Calculate the greatest common divisor of 12 and 366.
6
What is the highest common factor of 84 and 2016?
84
Calculate the greatest common divisor of 160 and 5910.
10
Calculate the greatest common factor of 26 and 19331.
13
What is the greatest common factor of 1017 and 113?
113
Calculate the greatest common factor of 14 and 14.
14
What is the greatest common factor of 1972 and 68?
68
What is the highest common divisor of 60 and 15?
15
What is the greatest common factor of 297 and 242?
11
Calculate the highest common factor of 82 and 5863.
41
What is the highest common divisor of 5 and 3?
1
Calculate the highest common factor of 36 and 408.
12
What is the highest common factor of 50 and 1450?
50
Calculate the highest common divisor of 2760 and 138.
138
What is the greatest common factor of 136 and 3468?
68
What is the highest common factor of 19 and 4940?
19
What is the highest common factor of 39 and 3549?
39
Calculate the greatest common factor of 45 and 1845.
45
What is the highest common divisor of 1012 and 44?
44
Calculate the highest common divisor of 90 and 72.
18
What is the highest common factor of 35 and 155?
5
What is the highest common factor of 360 and 36?
36
What is the highest common divisor of 36 and 1692?
36
What is the greatest common divisor of 75